{"id":48928,"date":"2020-05-11T17:16:53","date_gmt":"2020-05-11T20:16:53","guid":{"rendered":"https:\/\/www.motocarescapes.com.br\/v2\/?post_type=product&#038;p=48928"},"modified":"2025-10-23T08:16:16","modified_gmt":"2025-10-23T11:16:16","slug":"escape-modelo-estralador-de-lata-2em1-estralado-alto-e-silencioso-com-protetor-titan-fan-125-2000-a-2008","status":"publish","type":"product","link":"https:\/\/www.motocarescapes.com.br\/v2\/produto\/escape-modelo-estralador-de-lata-2em1-estralado-alto-e-silencioso-com-protetor-titan-fan-125-2000-a-2008\/","title":{"rendered":"Escape (Modelo Estralador) de lata (2em1 ESTRALADO ALTO E SILENCIOSO) com Protetor Titan\/Fan 125 ks (SEM BACALHAU) 2000 \u00e0 2008"},"content":{"rendered":"<p><strong>Escape (Modelo Estralador) de lata (2em1 ESTRALADO ALTO E SILENCIOSO) com Protetor Titan\/Fan 125 ks (SEM BACALHAU) 2000\/2001\/2002\/2003\/2004\/2005\/2006\/2007\/2008<\/strong><\/p>\n<p>Escape desmiolado operado artesanalmente,o barulho \u00e9 ESTRALADO ALTO com a Chave de mudan\u00e7a para silenciar!<\/p>\n<p>(ESCAPE IGUAL DA FOTO)<\/p>\n<p>Acompanha chave girat\u00f3ria com cabo de a\u00e7o, candu\u00edte e safra on\u00e7a.<\/p>\n<p><strong>ATEN\u00c7\u00c3O:<\/strong> DEVIDO O ESCAPE TER QUE PASSAR PELO INMETRO, AGORA A POLIMET S\u00d3 FABRICA O ESCAPAMENTO COM AS PORCAS SOLDADAS PARA COLOCAR PROTETOR NO CORPO NO ESCAPE!!<\/p>\n<p>F\u00e1cil Instala\u00e7\u00e3o!<\/p>\n<p>\u2013 Acabamento Cromado<\/p>\n<p>\u2013 Alterado artesanalmente por Moto\u2019Car Escapes.<\/p>\n<p>***ACOMPANHA PROTETOR***<\/p>\n<p>Prazo de entrega tendo em estoque at\u00e9 5 dias \u00fateis para ser enviado, mas se encomendado favor confirmar Prazo de Entrega pelo WhatsApp (37)98842-9721<\/p>\n","protected":false},"excerpt":{"rendered":"<p>Escape (Modelo Estralador) de lata (2em1 ESTRALADO ALTO E SILENCIOSO) com Protetor Titan\/Fan 125 ks (SEM BACALHAU) 2000\/2001\/2002\/2003\/2004\/2005\/2006\/2007\/2008 Escape desmiolado operado artesanalmente,o barulho \u00e9 ESTRALADO&hellip;<\/p>\n","protected":false},"featured_media":51724,"comment_status":"open","ping_status":"closed","template":"","meta":[],"product_brand":[],"product_cat":[17],"product_tag":[123,124,125],"class_list":{"0":"post-48928","1":"product","2":"type-product","3":"status-publish","4":"has-post-thumbnail","6":"product_cat-honda","7":"product_tag-de-lata","8":"product_tag-di-lata","9":"product_tag-estralador","11":"first","12":"outofstock","13":"shipping-taxable","14":"purchasable","15":"product-type-simple","16":"customify-col","17":"product-has-gallery"},"aioseo_notices":[],"yoast_head":"<!-- This site is optimized with the Yoast SEO plugin v27.5 - https:\/\/yoast.com\/product\/yoast-seo-wordpress\/ -->\n<title>Escape (Modelo Estralador) de lata (2em1 ESTRALADO ALTO E SILENCIOSO) com Protetor Titan\/Fan 125 ks (SEM BACALHAU) 2000 \u00e0 2008 - MOTO&#039;CAR ESCAPES<\/title>\n<meta name=\"robots\" content=\"index, follow, max-snippet:-1, max-image-preview:large, max-video-preview:-1\" \/>\n<link rel=\"canonical\" href=\"https:\/\/www.motocarescapes.com.br\/v2\/produto\/escape-modelo-estralador-de-lata-2em1-estralado-alto-e-silencioso-com-protetor-titan-fan-125-2000-a-2008\/\" \/>\n<meta property=\"og:locale\" content=\"pt_BR\" \/>\n<meta property=\"og:type\" content=\"article\" \/>\n<meta property=\"og:title\" content=\"Escape (Modelo Estralador) de lata (2em1 ESTRALADO ALTO E SILENCIOSO) com Protetor Titan\/Fan 125 ks (SEM BACALHAU) 2000 \u00e0 2008 - MOTO&#039;CAR ESCAPES\" \/>\n<meta property=\"og:description\" content=\"Escape (Modelo Estralador) de lata (2em1 ESTRALADO ALTO E SILENCIOSO) com Protetor Titan\/Fan 125 ks (SEM BACALHAU) 2000\/2001\/2002\/2003\/2004\/2005\/2006\/2007\/2008 Escape desmiolado operado artesanalmente,o barulho \u00e9 ESTRALADO&hellip;\" \/>\n<meta property=\"og:url\" content=\"https:\/\/www.motocarescapes.com.br\/v2\/produto\/escape-modelo-estralador-de-lata-2em1-estralado-alto-e-silencioso-com-protetor-titan-fan-125-2000-a-2008\/\" \/>\n<meta property=\"og:site_name\" content=\"MOTO&#039;CAR ESCAPES\" \/>\n<meta property=\"article:publisher\" content=\"https:\/\/www.facebook.com\/motocarescapes\/\" \/>\n<meta property=\"article:modified_time\" content=\"2025-10-23T11:16:16+00:00\" \/>\n<meta property=\"og:image\" content=\"https:\/\/www.motocarescapes.com.br\/v2\/wp-content\/uploads\/2020\/05\/IMG-20200727-WA0005.jpg\" \/>\n\t<meta property=\"og:image:width\" content=\"1152\" \/>\n\t<meta property=\"og:image:height\" content=\"864\" \/>\n\t<meta property=\"og:image:type\" content=\"image\/jpeg\" \/>\n<meta name=\"twitter:card\" content=\"summary_large_image\" \/>\n<meta name=\"twitter:label1\" content=\"Est. tempo de leitura\" \/>\n\t<meta name=\"twitter:data1\" content=\"1 minuto\" \/>\n<script type=\"application\/ld+json\" class=\"yoast-schema-graph\">{\"@context\":\"https:\\\/\\\/schema.org\",\"@graph\":[{\"@type\":\"WebPage\",\"@id\":\"https:\\\/\\\/www.motocarescapes.com.br\\\/v2\\\/produto\\\/escape-modelo-estralador-de-lata-2em1-estralado-alto-e-silencioso-com-protetor-titan-fan-125-2000-a-2008\\\/\",\"url\":\"https:\\\/\\\/www.motocarescapes.com.br\\\/v2\\\/produto\\\/escape-modelo-estralador-de-lata-2em1-estralado-alto-e-silencioso-com-protetor-titan-fan-125-2000-a-2008\\\/\",\"name\":\"Escape (Modelo Estralador) de lata (2em1 ESTRALADO ALTO E SILENCIOSO) com Protetor Titan\\\/Fan 125 ks (SEM BACALHAU) 2000 \u00e0 2008 - MOTO&#039;CAR ESCAPES\",\"isPartOf\":{\"@id\":\"https:\\\/\\\/www.motocarescapes.com.br\\\/v2\\\/#website\"},\"primaryImageOfPage\":{\"@id\":\"https:\\\/\\\/www.motocarescapes.com.br\\\/v2\\\/produto\\\/escape-modelo-estralador-de-lata-2em1-estralado-alto-e-silencioso-com-protetor-titan-fan-125-2000-a-2008\\\/#primaryimage\"},\"image\":{\"@id\":\"https:\\\/\\\/www.motocarescapes.com.br\\\/v2\\\/produto\\\/escape-modelo-estralador-de-lata-2em1-estralado-alto-e-silencioso-com-protetor-titan-fan-125-2000-a-2008\\\/#primaryimage\"},\"thumbnailUrl\":\"https:\\\/\\\/www.motocarescapes.com.br\\\/v2\\\/wp-content\\\/uploads\\\/2020\\\/05\\\/IMG-20200727-WA0005.jpg\",\"datePublished\":\"2020-05-11T20:16:53+00:00\",\"dateModified\":\"2025-10-23T11:16:16+00:00\",\"breadcrumb\":{\"@id\":\"https:\\\/\\\/www.motocarescapes.com.br\\\/v2\\\/produto\\\/escape-modelo-estralador-de-lata-2em1-estralado-alto-e-silencioso-com-protetor-titan-fan-125-2000-a-2008\\\/#breadcrumb\"},\"inLanguage\":\"pt-BR\",\"potentialAction\":[{\"@type\":\"ReadAction\",\"target\":[\"https:\\\/\\\/www.motocarescapes.com.br\\\/v2\\\/produto\\\/escape-modelo-estralador-de-lata-2em1-estralado-alto-e-silencioso-com-protetor-titan-fan-125-2000-a-2008\\\/\"]}]},{\"@type\":\"ImageObject\",\"inLanguage\":\"pt-BR\",\"@id\":\"https:\\\/\\\/www.motocarescapes.com.br\\\/v2\\\/produto\\\/escape-modelo-estralador-de-lata-2em1-estralado-alto-e-silencioso-com-protetor-titan-fan-125-2000-a-2008\\\/#primaryimage\",\"url\":\"https:\\\/\\\/www.motocarescapes.com.br\\\/v2\\\/wp-content\\\/uploads\\\/2020\\\/05\\\/IMG-20200727-WA0005.jpg\",\"contentUrl\":\"https:\\\/\\\/www.motocarescapes.com.br\\\/v2\\\/wp-content\\\/uploads\\\/2020\\\/05\\\/IMG-20200727-WA0005.jpg\",\"width\":1152,\"height\":864},{\"@type\":\"BreadcrumbList\",\"@id\":\"https:\\\/\\\/www.motocarescapes.com.br\\\/v2\\\/produto\\\/escape-modelo-estralador-de-lata-2em1-estralado-alto-e-silencioso-com-protetor-titan-fan-125-2000-a-2008\\\/#breadcrumb\",\"itemListElement\":[{\"@type\":\"ListItem\",\"position\":1,\"name\":\"In\u00edcio\",\"item\":\"https:\\\/\\\/www.motocarescapes.com.br\\\/v2\\\/\"},{\"@type\":\"ListItem\",\"position\":2,\"name\":\"Conhe\u00e7a os nossos produtos\",\"item\":\"https:\\\/\\\/www.motocarescapes.com.br\\\/v2\\\/\"},{\"@type\":\"ListItem\",\"position\":3,\"name\":\"Escape (Modelo Estralador) de lata (2em1 ESTRALADO ALTO E SILENCIOSO) com Protetor Titan\\\/Fan 125 ks (SEM BACALHAU) 2000 \u00e0 2008\"}]},{\"@type\":\"WebSite\",\"@id\":\"https:\\\/\\\/www.motocarescapes.com.br\\\/v2\\\/#website\",\"url\":\"https:\\\/\\\/www.motocarescapes.com.br\\\/v2\\\/\",\"name\":\"MOTO&#039;CAR ESCAPES\",\"description\":\"S\u00f3 mais um site WordPress\",\"publisher\":{\"@id\":\"https:\\\/\\\/www.motocarescapes.com.br\\\/v2\\\/#organization\"},\"potentialAction\":[{\"@type\":\"SearchAction\",\"target\":{\"@type\":\"EntryPoint\",\"urlTemplate\":\"https:\\\/\\\/www.motocarescapes.com.br\\\/v2\\\/?s={search_term_string}\"},\"query-input\":{\"@type\":\"PropertyValueSpecification\",\"valueRequired\":true,\"valueName\":\"search_term_string\"}}],\"inLanguage\":\"pt-BR\"},{\"@type\":\"Organization\",\"@id\":\"https:\\\/\\\/www.motocarescapes.com.br\\\/v2\\\/#organization\",\"name\":\"Moto'car Escapes\",\"url\":\"https:\\\/\\\/www.motocarescapes.com.br\\\/v2\\\/\",\"logo\":{\"@type\":\"ImageObject\",\"inLanguage\":\"pt-BR\",\"@id\":\"https:\\\/\\\/www.motocarescapes.com.br\\\/v2\\\/#\\\/schema\\\/logo\\\/image\\\/\",\"url\":\"https:\\\/\\\/www.motocarescapes.com.br\\\/v2\\\/wp-content\\\/uploads\\\/2021\\\/01\\\/IMG-20210113-WA0022.jpg\",\"contentUrl\":\"https:\\\/\\\/www.motocarescapes.com.br\\\/v2\\\/wp-content\\\/uploads\\\/2021\\\/01\\\/IMG-20210113-WA0022.jpg\",\"width\":1280,\"height\":769,\"caption\":\"Moto'car Escapes\"},\"image\":{\"@id\":\"https:\\\/\\\/www.motocarescapes.com.br\\\/v2\\\/#\\\/schema\\\/logo\\\/image\\\/\"},\"sameAs\":[\"https:\\\/\\\/www.facebook.com\\\/motocarescapes\\\/\",\"https:\\\/\\\/www.instagram.com\\\/motocarescapes\\\/\",\"https:\\\/\\\/youtube.com\\\/c\\\/MotoCarEscapes\"]}]}<\/script>\n<!-- \/ Yoast SEO plugin. -->","yoast_head_json":{"title":"Escape (Modelo Estralador) de lata (2em1 ESTRALADO ALTO E SILENCIOSO) com Protetor Titan\/Fan 125 ks (SEM BACALHAU) 2000 \u00e0 2008 - MOTO&#039;CAR ESCAPES","robots":{"index":"index","follow":"follow","max-snippet":"max-snippet:-1","max-image-preview":"max-image-preview:large","max-video-preview":"max-video-preview:-1"},"canonical":"https:\/\/www.motocarescapes.com.br\/v2\/produto\/escape-modelo-estralador-de-lata-2em1-estralado-alto-e-silencioso-com-protetor-titan-fan-125-2000-a-2008\/","og_locale":"pt_BR","og_type":"article","og_title":"Escape (Modelo Estralador) de lata (2em1 ESTRALADO ALTO E SILENCIOSO) com Protetor Titan\/Fan 125 ks (SEM BACALHAU) 2000 \u00e0 2008 - MOTO&#039;CAR ESCAPES","og_description":"Escape (Modelo Estralador) de lata (2em1 ESTRALADO ALTO E SILENCIOSO) com Protetor Titan\/Fan 125 ks (SEM BACALHAU) 2000\/2001\/2002\/2003\/2004\/2005\/2006\/2007\/2008 Escape desmiolado operado artesanalmente,o barulho \u00e9 ESTRALADO&hellip;","og_url":"https:\/\/www.motocarescapes.com.br\/v2\/produto\/escape-modelo-estralador-de-lata-2em1-estralado-alto-e-silencioso-com-protetor-titan-fan-125-2000-a-2008\/","og_site_name":"MOTO&#039;CAR ESCAPES","article_publisher":"https:\/\/www.facebook.com\/motocarescapes\/","article_modified_time":"2025-10-23T11:16:16+00:00","og_image":[{"width":1152,"height":864,"url":"https:\/\/www.motocarescapes.com.br\/v2\/wp-content\/uploads\/2020\/05\/IMG-20200727-WA0005.jpg","type":"image\/jpeg"}],"twitter_card":"summary_large_image","twitter_misc":{"Est. tempo de leitura":"1 minuto"},"schema":{"@context":"https:\/\/schema.org","@graph":[{"@type":"WebPage","@id":"https:\/\/www.motocarescapes.com.br\/v2\/produto\/escape-modelo-estralador-de-lata-2em1-estralado-alto-e-silencioso-com-protetor-titan-fan-125-2000-a-2008\/","url":"https:\/\/www.motocarescapes.com.br\/v2\/produto\/escape-modelo-estralador-de-lata-2em1-estralado-alto-e-silencioso-com-protetor-titan-fan-125-2000-a-2008\/","name":"Escape (Modelo Estralador) de lata (2em1 ESTRALADO ALTO E SILENCIOSO) com Protetor Titan\/Fan 125 ks (SEM BACALHAU) 2000 \u00e0 2008 - MOTO&#039;CAR ESCAPES","isPartOf":{"@id":"https:\/\/www.motocarescapes.com.br\/v2\/#website"},"primaryImageOfPage":{"@id":"https:\/\/www.motocarescapes.com.br\/v2\/produto\/escape-modelo-estralador-de-lata-2em1-estralado-alto-e-silencioso-com-protetor-titan-fan-125-2000-a-2008\/#primaryimage"},"image":{"@id":"https:\/\/www.motocarescapes.com.br\/v2\/produto\/escape-modelo-estralador-de-lata-2em1-estralado-alto-e-silencioso-com-protetor-titan-fan-125-2000-a-2008\/#primaryimage"},"thumbnailUrl":"https:\/\/www.motocarescapes.com.br\/v2\/wp-content\/uploads\/2020\/05\/IMG-20200727-WA0005.jpg","datePublished":"2020-05-11T20:16:53+00:00","dateModified":"2025-10-23T11:16:16+00:00","breadcrumb":{"@id":"https:\/\/www.motocarescapes.com.br\/v2\/produto\/escape-modelo-estralador-de-lata-2em1-estralado-alto-e-silencioso-com-protetor-titan-fan-125-2000-a-2008\/#breadcrumb"},"inLanguage":"pt-BR","potentialAction":[{"@type":"ReadAction","target":["https:\/\/www.motocarescapes.com.br\/v2\/produto\/escape-modelo-estralador-de-lata-2em1-estralado-alto-e-silencioso-com-protetor-titan-fan-125-2000-a-2008\/"]}]},{"@type":"ImageObject","inLanguage":"pt-BR","@id":"https:\/\/www.motocarescapes.com.br\/v2\/produto\/escape-modelo-estralador-de-lata-2em1-estralado-alto-e-silencioso-com-protetor-titan-fan-125-2000-a-2008\/#primaryimage","url":"https:\/\/www.motocarescapes.com.br\/v2\/wp-content\/uploads\/2020\/05\/IMG-20200727-WA0005.jpg","contentUrl":"https:\/\/www.motocarescapes.com.br\/v2\/wp-content\/uploads\/2020\/05\/IMG-20200727-WA0005.jpg","width":1152,"height":864},{"@type":"BreadcrumbList","@id":"https:\/\/www.motocarescapes.com.br\/v2\/produto\/escape-modelo-estralador-de-lata-2em1-estralado-alto-e-silencioso-com-protetor-titan-fan-125-2000-a-2008\/#breadcrumb","itemListElement":[{"@type":"ListItem","position":1,"name":"In\u00edcio","item":"https:\/\/www.motocarescapes.com.br\/v2\/"},{"@type":"ListItem","position":2,"name":"Conhe\u00e7a os nossos produtos","item":"https:\/\/www.motocarescapes.com.br\/v2\/"},{"@type":"ListItem","position":3,"name":"Escape (Modelo Estralador) de lata (2em1 ESTRALADO ALTO E SILENCIOSO) com Protetor Titan\/Fan 125 ks (SEM BACALHAU) 2000 \u00e0 2008"}]},{"@type":"WebSite","@id":"https:\/\/www.motocarescapes.com.br\/v2\/#website","url":"https:\/\/www.motocarescapes.com.br\/v2\/","name":"MOTO&#039;CAR ESCAPES","description":"S\u00f3 mais um site WordPress","publisher":{"@id":"https:\/\/www.motocarescapes.com.br\/v2\/#organization"},"potentialAction":[{"@type":"SearchAction","target":{"@type":"EntryPoint","urlTemplate":"https:\/\/www.motocarescapes.com.br\/v2\/?s={search_term_string}"},"query-input":{"@type":"PropertyValueSpecification","valueRequired":true,"valueName":"search_term_string"}}],"inLanguage":"pt-BR"},{"@type":"Organization","@id":"https:\/\/www.motocarescapes.com.br\/v2\/#organization","name":"Moto'car Escapes","url":"https:\/\/www.motocarescapes.com.br\/v2\/","logo":{"@type":"ImageObject","inLanguage":"pt-BR","@id":"https:\/\/www.motocarescapes.com.br\/v2\/#\/schema\/logo\/image\/","url":"https:\/\/www.motocarescapes.com.br\/v2\/wp-content\/uploads\/2021\/01\/IMG-20210113-WA0022.jpg","contentUrl":"https:\/\/www.motocarescapes.com.br\/v2\/wp-content\/uploads\/2021\/01\/IMG-20210113-WA0022.jpg","width":1280,"height":769,"caption":"Moto'car Escapes"},"image":{"@id":"https:\/\/www.motocarescapes.com.br\/v2\/#\/schema\/logo\/image\/"},"sameAs":["https:\/\/www.facebook.com\/motocarescapes\/","https:\/\/www.instagram.com\/motocarescapes\/","https:\/\/youtube.com\/c\/MotoCarEscapes"]}]}},"_links":{"self":[{"href":"https:\/\/www.motocarescapes.com.br\/v2\/wp-json\/wp\/v2\/product\/48928","targetHints":{"allow":["GET"]}}],"collection":[{"href":"https:\/\/www.motocarescapes.com.br\/v2\/wp-json\/wp\/v2\/product"}],"about":[{"href":"https:\/\/www.motocarescapes.com.br\/v2\/wp-json\/wp\/v2\/types\/product"}],"replies":[{"embeddable":true,"href":"https:\/\/www.motocarescapes.com.br\/v2\/wp-json\/wp\/v2\/comments?post=48928"}],"wp:featuredmedia":[{"embeddable":true,"href":"https:\/\/www.motocarescapes.com.br\/v2\/wp-json\/wp\/v2\/media\/51724"}],"wp:attachment":[{"href":"https:\/\/www.motocarescapes.com.br\/v2\/wp-json\/wp\/v2\/media?parent=48928"}],"wp:term":[{"taxonomy":"product_brand","embeddable":true,"href":"https:\/\/www.motocarescapes.com.br\/v2\/wp-json\/wp\/v2\/product_brand?post=48928"},{"taxonomy":"product_cat","embeddable":true,"href":"https:\/\/www.motocarescapes.com.br\/v2\/wp-json\/wp\/v2\/product_cat?post=48928"},{"taxonomy":"product_tag","embeddable":true,"href":"https:\/\/www.motocarescapes.com.br\/v2\/wp-json\/wp\/v2\/product_tag?post=48928"}],"curies":[{"name":"wp","href":"https:\/\/api.w.org\/{rel}","templated":true}]}}